pose -4*p = -11*p + 147. What is the tens digit of p?
2
Suppose -2*m + 3*m - 73 = -2*j, 5*j - 2*m - 169 = 0. Let n(t) = t**3 + 6*t**2 + 2*t. Let w be n(-3). Let z = j - w. What is the units digit of z?
4
Let n = -48 - -80. Suppose 2*b + g - 14 = -3*g, -2*g - 3 = -b. Suppose -l = -b*l + n. What is the units digit of l?
8
Suppose 0 = -18*n + 12*n + 1500. What is the units digit of n?
0
Let h be ((-4)/(-10))/(1/40). Let m = -8 + h. What is the units digit of m?
8
Suppose -3*m = 2 + 4. Let z = m - -10. Suppose -6*n = -z*n + 6. What is the units digit of n?
3
Let w(a) = a**2 + 4*a + 6. Let f be w(-5). Let q = f - -1. What is the units digit of 12/(-1)*q/(-16)?
9
Let w = -2 - -5. Let i be (-26)/8 + w/(-4). What is the units digit of 2/4 + (-2)/i?
1
Let l(j) = 12*j**2 + 5*j + 4. What is the tens digit of l(-2)?
4
Let j(f) = f**2 + 5*f - 3. Let i be j(-6). Suppose i = -4*r - 4*h + 39, 3*r - 57 = 3*h. What is the units digit of r?
4
Let i(k) = 2*k**2 - k + 74. What is the tens digit of i(0)?
7
What is the tens digit of 84/4 + (2 + -2 - 2)?
1
Let o be ((-32)/3)/(2/6). What is the units digit of (-8)/o - (-158)/8?
0
Suppose -21 - 174 = -5*d. What is the units digit of d?
9
Suppose -t - 2*h = 13, -t + 4*h = t - 14. Let p be (-2)/t - 8/(-6). Suppose -q + 18 = p*q. What is the units digit of q?
6
Suppose 2*n + 3*k + 4 = 5*k, -5*n = -k + 2. Suppose -3*j - 3*v + 165 = n, 4*v - 13 = -1. What is the units digit of j?
2
Let h(v) = v**3 - 2*v**2 + v + 14. Let f be h(0). Let b = -7 - -30. Let p = b - f. What is the units digit of p?
9
Suppose 3*f - 250 = -49. What is the tens digit of f?
6
Suppose 0 = 4*m - 4*n - 16, 0*m - 4*n - 19 = -m. Let u = 3 - 6. Let i = m - u. What is the units digit of i?
2
Let x be -25 + (-3 - -2) - 0. Let z be (-2*1)/2*x. Suppose 4*c + z = 2*p, 4*p - 4*c = 6*p + 14. What is the units digit of p?
3
Suppose -2*o = z - 3*o - 18, -12 = 4*o. What is the tens digit of z?
1
Let p(i) = -i**2 - 10*i - 3. Let t be p(-9). Let r = t + 6. What is the tens digit of r?
1
Let i be 9*(0/(-4) - -1). Let p = i + 0. What is the units digit of p?
9
Suppose -109 = -2*i - 7. What is the units digit of i?
1
Suppose 5*d = q + 2*q + 10, -4*q - 5 = -5*d. What is the units digit of q?
5
Let m be 2 + -1 + 0/1. Let t(r) = -2*r + 1 + m + 0. What is the units digit of t(-2)?
6
Suppose 10*o = 5*o - 10. Let r = -7 - o. Let j(k) = -k - 4. What is the units digit of j(r)?
1
Let u be 2*(2 - (-4)/8). Suppose u*r - 4 = 21. What is the units digit of r?
5
Let a = 168 - 100. What is the tens digit of a?
6
Suppose -600 = -5*s - 0*s. What is the hundreds digit of s?
1
Let l = 43 - -50. What is the tens digit of l?
9
Let f(t) = -t**3 + 11*t**2 + 7*t - 5. Let a be f(5). Suppose 4*q - a = -q. Suppose 5*g = g + q. What is the units digit of g?
9
Let r(k) = k - 5. Let z be r(8). Suppose -p = z*p - 4. What is the units digit of p?
1
Let r = -422 - -640. What is the units digit of r?
8
Let w(i) = -i**3 - 5*i**2 + 3*i + 5. What is the units digit of w(-6)?
3
Let j(c) = c**3 - 8*c**2 - 9*c + 3. What is the units digit of j(9)?
3
What is the tens digit of (2 + -7)*28/(-5)?
2
Suppose -4*y - 6*m + 2*m + 24 = 0, 2*y = -m + 10. Let g be (-54)/8 - 1/y. What is the units digit of (18/g)/(9/(-42))?
2
Suppose 15*y - 72 = 6*y. What is the units digit of y?
8
Suppose 4*c - 17 = -3*m + 4, c - 5*m - 34 = 0. Suppose 18 = i + 4*s - c, -3*s = 12. What is the units digit of i?
3
Let s(z) = -2*z**2 + 2*z + 4. Let i be s(-4). What is the tens digit of (-620)/i + 2/(-9)?
1
Let q = 204 + -121. What is the tens digit of q?
8
Let b be (-2)/(-1 - 15/(-9)). What is the units digit of (-9 + 2 + b)/(-2)?
5
Suppose 5*b - b = 8. Let d = -1 - b. Let u = d - -6. What is the units digit of u?
3
Let j = -9 + 13. Suppose -3 - 13 = -j*u. Suppose k = -k + u*n + 14, 3*n = 2*k - 17. What is the units digit of k?
3
Let r = -25 + 35. What is the units digit of r?
0
Let z(h) = h**2 - h. Let d be z(-1). Suppose d*k + 2*k = 28. What is the units digit of k?
7
Suppose -5*a = -3*m + 68, 0 = 2*a + 3*a + 5. What is the units digit of m?
1
Let b(h) = -h**3 + 2*h + 3. Let v be b(3). Let m be (0 - 3)/(v/6). Let r(t) = 11*t**2 - 2*t + 1. What is the tens digit of r(m)?
1
Let s be ((-16)/(-24))/((-4)/(-42)). Let j = s + -4. What is the units digit of j?
3
Let u be (-3)/12 - (-1)/4. Suppose -p - 5*l - 19 = 0, u*p - 5*l = 2*p + 23. What is the units digit of (-1)/p + (-57)/(-12)?
5
Let m(x) = -2*x - 2. Let c be m(-3). Suppose 27 = c*l - l. What is the units digit of l?
9
Let z(s) = 2*s**3 + 2*s**2 - s. Let n be z(1). Let y = n - -3. Suppose 3*a - 3*m - 42 = 0, y*a - m = 4*a + 23. What is the units digit of a?
9
Let a = -173 - -251. What is the units digit of a?
8
Let p(j) = 5*j - 10. Let o(h) = 4*h - 10. Let n(b) = -4*o(b) + 3*p(b). Let d be n(7). Suppose -4*z = d*a - a - 20, 5*z = -5. What is the units digit of a?
2
Let k be -4*(-1 - 3/(-6)). Suppose -2*s = o + 3*s - 144, o + k*s = 144. What is the units digit of o/78 - (-2)/13?
2
Let d be ((-12)/(-3) - 2)/1. Suppose 0 = -d*a + i + i + 24, 5*a + 2*i - 25 = 0. Suppose -o + a = -2. What is the units digit of o?
9
Suppose 0 = 2*h + 3*m - 6 - 37, 2*h - 3*m = 61. Suppose 58 = 3*y + 16. Let q = h - y. What is the units digit of q?
2
Let w be ((-4)/6)/((-1)/3). Let g(t) = -1 + 3 - t**3 + w - 4*t + 5*t**2. What is the units digit of g(4)?
4
Suppose 2 + 3 = 5*h, -j - 3*h - 2 = 0. Let i = j - -4. Let o = i + 4. What is the units digit of o?
3
Let m = 32 + 70. Suppose -6*x + m + 102 = 0. What is the tens digit of x?
3
Let b = 22 - -21. What is the tens digit of b?
4
Let r(q) = -q + 2. Let p(l) = l - 1. Let n be (-2)/(-1) - (-3 + 0). Let m(f) = n*p(f) + 4*r(f). What is the units digit of m(9)?
2
Let c be (-1)/3 + (-186)/(-18). Suppose -u - 5 = 5*h - 3, 0 = 3*h + 5*u + c. Suppose h = -5*z + 17 + 38. What is the tens digit of z?
1
Suppose -2*w + 4*t = 4, t - 4 = -5*w - 3. Let s be 1 - (2 - 15) - 2. Let x = w + s. What is the tens digit of x?
1
Suppose 98*m = 99*m - 67. What is the tens digit of m?
6
Let s(u) = -u**3 + 6*u**2 + 5*u - 4. Let r be s(7). What is the units digit of (8 + 1)/((-6)/r)?
7
Suppose x - s - 171 = 4*s, -5*x + 5*s + 935 = 0. What is the hundreds digit of x?
1
Suppose -159 = -3*x + 6*b - 3*b, x + 3*b = 69. What is the tens digit of x?
5
Let w(b) = -b**2 - 4*b. Suppose -g = 4*o - 0*g + 17, -5*o - g - 21 = 0. Let d be w(o). Suppose 3*p - 22 + 4 = d. What is the units digit of p?
6
Suppose 0 = -0*o - 2*o - 2. What is the units digit of (-3)/5*(o + -4)?
3
Suppose -105*u + 810 = -100*u. What is the hundreds digit of u?
1
Let k = 6 + 6. Let v(u) = u**2 - 13*u + 17. What is the units digit of v(k)?
5
Let a(n) be the second derivative of -n**5/20 + 7*n**4/12 - 7*n**3/6 + 4*n**2 - 3*n. Let l be a(6). What is the units digit of 1*l*(-3 - -7)?
8
Let v(i) = i**3 + 6*i**2 + 6*i + 4. Let k be v(-5). Suppose 3 = -5*l + 13. What is the units digit of k/l*1*-4?
2
Let b = 84 + -43. What is the tens digit of b?
4
Let x(s) = -s**3 - s**2 - s + 3. Let b be x(0). Suppose -b*v - 62 - 19 = 0. What is the units digit of (-4)/14 - v/21?
1
Let y be (5/(-10))/(1/10). Let k = y + 9. Suppose k*p - 12 = g, 4*g = p + 3*p - 12. What is the units digit of p?
3
Let v(u) = u**2 - 6*u + 7. What is the units digit of v(-5)?
2
Let k(o) be the third derivative of 5*o**4/24 - 3*o**3/2 + 2*o**2. What is the tens digit of k(13)?
5
Let n(r) = -r**3 + 8*r**2 - 7*r + 5. Suppose -5*q - 17 = -52. What is the units digit of n(q)?
5
Let i = 7 + -5. Suppose -11 = -3*b - i. What is the units digit of b + -2 + 1 + 1?
3
Let q = 325 + -160. What is the units digit of q?
5
Let w(o) = -o**3 - o**2 - 2*o - 1. Let d be w(-2). Suppose d*i - 2*i = -40. What is the units digit of ((-42)/i)/((-3)/(-8))?
4
Let d(u) be the second derivative of u**5/20 - u**4/2 + u**3 - 2*u**2 - u. What is the units digit of d(5)?
1
Suppose 0 = 2*b + 4*x - 78, 0 = 2*b + b - 3*x - 126. What is the units digit of b?
1
Suppose 0 = q - 5*q + 44. Let y = 4 - -12. Let a = y - q. What is the units digit of a?
5
Suppose 0 = 4*u + 4*a + 12, a - 15 = -4*u + 6*a. Suppose 0 = 3*n - 4*x - 10, -4*n + 0*n - 3*x + 55 = u. What is the tens digit of n?
1
Suppose -y - 1 = -2. Let l = y - -2. What is the units digit of l?
3
Suppose 3*z + 38 = -z + 2*c, 0 = -3*c + 15. What is the un